igit of 3043?
3
What is the hundreds digit of 2599?
5
What is the ten thousands digit of 100847?
0
What is the tens digit of 19873?
7
What is the units digit of 8471?
1
What is the units digit of 792?
2
What is the hundreds digit of 6050?
0
What is the units digit of 1409?
9
What is the hundreds digit of 46166?
1
What is the ten thousands digit of 21993?
2
What is the thousands digit of 23275?
3
What is the units digit of 1713?
3
What is the hundred thousands digit of 101486?
1
What is the tens digit of 217?
1
What is the hundreds digit of 46524?
5
What is the tens digit of 4125?
2
What is the units digit of 763?
3
What is the units digit of 7735?
5
What is the tens digit of 3016?
1
What is the ten thousands digit of 15639?
1
What is the tens digit of 1448?
4
What is the tens digit of 58?
5
What is the ten thousands digit of 184350?
8
What is the thousands digit of 2782?
2
What is the ten thousands digit of 14640?
1
What is the tens digit of 1512?
1
What is the thousands digit of 17813?
7
What is the units digit of 2942?
2
What is the tens digit of 3803?
0
What is the units digit of 1290?
0
What is the tens digit of 9454?
5
What is the tens digit of 22153?
5
What is the hundreds digit of 280?
2
What is the thousands digit of 6748?
6
What is the hundreds digit of 1008?
0
What is the thousands digit of 5036?
5
What is the hundreds digit of 3100?
1
What is the hundreds digit of 690?
6
What is the units digit of 395?
5
What is the thousands digit of 1144?
1
What is the units digit of 45535?
5
What is the units digit of 55?
5
What is the units digit of 10606?
6
What is the hundreds digit of 146297?
2
What is the units digit of 18052?
2
What is the hundreds digit of 177?
1
What is the tens digit of 1940?
4
What is the thousands digit of 1009?
1
What is the tens digit of 12606?
0
What is the thousands digit of 97721?
7
What is the thousands digit of 7655?
7
What is the hundreds digit of 8261?
2
What is the thousands digit of 5540?
5
What is the ten thousands digit of 11264?
1
What is the tens digit of 574?
7
What is the thousands digit of 6937?
6
What is the tens digit of 1105?
0
What is the units digit of 1637?
7
What is the hundreds digit of 915?
9
What is the units digit of 1598?
8
What is the tens digit of 1009?
0
What is the units digit of 1183?
3
What is the thousands digit of 3118?
3
What is the hundreds digit of 491?
4
What is the thousands digit of 9584?
9
What is the units digit of 847?
7
What is the units digit of 1303?
3
What is the thousands digit of 3676?
3
What is the thousands digit of 5292?
5
What is the ten thousands digit of 25078?
2
What is the hundreds digit of 15030?
0
What is the units digit of 312?
2
What is the thousands digit of 46147?
6
What is the units digit of 13870?
0
What is the units digit of 2893?
3
What is the tens digit of 2984?
8
What is the thousands digit of 9427?
9
What is the thousands digit of 31554?
1
What is the tens digit of 748?
4
What is the thousands digit of 2377?
2
What is the ten thousands digit of 26057?
2
What is the thousands digit of 113181?
3
What is the hundreds digit of 1695?
6
What is the hundreds digit of 3514?
5
What is the hundreds digit of 19984?
9
What is the units digit of 69?
9
What is the tens digit of 635?
3
What is the units digit of 115?
5
What is the hundreds digit of 41661?
6
What is the units digit of 2680?
0
What is the ten thousands digit of 76126?
7
What is the units digit of 4441?
1
What is the thousands digit of 3047?
3
What is the thousands digit of 3970?
3
What is the ten thousands digit of 22661?
2
What is the thousands digit of 14238?
4
What is the thousands digit of 2629?
2
What is the ten thousands digit of 10386?
1
What is the units digit of 152?
2
What is the thousands digit of 134112?
4
What is the units digit of 76493?
3
What is the tens digit of 2058?
5
What is the units digit of 30883?
3
What is the tens digit of 1240?
4
What is the ten thousands digit of 89357?
8
What is the tens digit of 291?
9
What is the thousands digit of 2338?
2
What is the units digit of 32210?
0
What is the hundreds digit of 2423?
4
What is the ten thousands digit of 23196?
2
What is the ten thousands digit of 28331?
2
What is the tens digit of 1701?
0
What is the hundreds digit of 1129?
1
What is the hundreds digit of 715?
7
What is the tens digit of 4034?
3
What is the hundreds digit of 1896?
8
What is the ten thousands digit of 25325?
2
What is the thousands digit of 2475?
2
What is the units digit of 1232?
2
What is the units digit of 10924?
4
What is the thousands digit of 10747?
0
What is the units digit of 3910?
0
What is the units digit of 54093?
3
What is the tens digit of 1412?
1
What is the thousands digit of 2391?
2
What is the units digit of 49388?
8
What is the units digit of 24038?
8
What is the units digit of 3516?
6
What is the hundreds digit of 23451?
4
What is the units digit of 43315?
5
What is the units digit of 9395?
5
What is the hundreds digit of 275?
2
What is the units digit of 20995?
5
What is the thousands digit of 73309?
3
What is the hundreds digit of 1679?
6
What is the tens digit of 773?
7
What is the hundreds digit of 9419?
4
What is the tens digit of 1682?
8
What is the units digit of 4510?
0
What is the units digit of 985?
5
What is the thousands digit of 7978?
7
What is the tens digit of 369?
6
What is the tens digit of 5969?
6
What is the hundreds digit of 919?
9
What is the thousands digit of 2532?
2
What is the ten thousands digit of 97261?
9
What is the tens digit of 513?
1
What is the tens digit of 2028?
2
What is the units digit of 1315?
5
What is the tens digit of 66077?
7
What is the thousands digit of 6592?
6
What is the tens digit of 610?
1
What is the thousands digit of 4613?
4
What is the thousands digit of 2687?
2
What is the units digit of 8859?
9
What is the tens digit of 19283?
8
What is the units digit of 10550?
0
What is the hundreds digit of 26308?
3
What is the hundreds digit of 211?
2
What is the units digit of 3032?
2
What is the units digit of 3537?
7
What is the hundreds digit of 171?
1
What is the tens digit of 15381?
8
What is the hundreds digit of 188?
1
What is the hundreds digit of 1429?
4
What is the units digit of 659?
9
What is the thousands digit of 39976?
9
What is the thousands digit of 67159?
7
What is the units digit of 623?
3
What is the tens digit of 3873?
7
What is the hundreds digit of 186?
1
What is the units digit of 10978?
8
What is the tens digit of 886?
8
What is the units digit of 12959?
9
What is the hundreds digit of 29460?
4
What is the tens digit of 8878?
7
What is the thousands digit of 2587?
2
What is the tens digit of 499?
9
What is the tens digit of 1280?
8
What is the ten thousands digit of 10945?
1
What is the ten thousands digit of 65728?
6
What is the tens digit of 39778?
7
What is the units digit of 53?
3
What is the thousands digit of 1134?
1
What is the thousands digit of 3594?
3
What is the units digit of 19668?
8
What is the tens digit of 954?
5
What is the units digit of 3253?
3
What is the thousands digit of 6332?
6
What is the ten thousands digit of 29444?
2
What is the hundreds digit of 517?
5
What is the units digit of 260?
0
What is the hundreds digit of 220?
2
What is the ten thousands digit of 19374?
1
What is the ten thousands digit of 16753?
1
What is the units digit of 33961?
1
What is the ten thousands digit of 116782?
1
What is the hundreds digit of 6472?
4
What is the thousands digit of 1149?
1
What is the hundreds digit of 1238?
2
What is the units digit of 1056?
6
What is the thousands digit of 7303?
7
What is the tens digit of 51304?
0
What is the tens digit of 2730?
3
What is the thousands digit of 13285?
3
What is the tens digit of 4184?
8
What is the thousands digit of 15925?
5
What is the hundreds digit of 15306?
3
What is the hundreds digit of 639?
6
What is the tens digit of 450?
5
What is the thousands digit of 24269?
4
What is the hundreds digit of 15043?
0
What is the thousands digit of 3921?
3
What is the hundreds digit of 6278?
2
What is the tens digit of 1175?
7
What is the hundreds digit of 2857?
8
What is the units digit of 1280?
0
What is the tens digit of 41?
4
What is the tens digit of 805?
0
What is the tens digit of 8741?
4
What is the thousands dig